 - 3*o. Suppose -p + 684 = 5*j. List the prime factors of j.
2, 5
Suppose -3*f - 1 = 3*n - 4, 0 = -3*n - 2*f. What are the prime factors of (-6)/4 + (-151)/n?
2, 37
Let k = 113 - 77. Suppose -4*w + 133 = -3*i, 4*w - 82 = -2*i + k. What are the prime factors of w?
31
Suppose 0 = -4*q + 3 + 5. Let f(b) = 5*b - 9 - b**q + 0 - 17*b. What are the prime factors of f(-10)?
11
Let c = 11 - -58. Suppose -c = -4*p + 15. What are the prime factors of p?
3, 7
Let b be (-581 - -1)/(-4) - 1. Suppose -2*i + 6*i - b = 0. Suppose -3*w + i = -18. List the prime factors of w.
2, 3
Suppose -28*j + 32*j + 1708 = n, -4*n + 6862 = -j. What are the prime factors of n?
2, 3, 11, 13
Let b(a) = 44*a - 151. What are the prime factors of b(12)?
13, 29
Let c(d) be the third derivative of 25*d**4/24 + d**3/6 - 44*d**2. List the prime factors of c(8).
3, 67
Suppose -p = 3*p - 948. Suppose k - 243 - 18 = -3*y, -k + 3*y = -p. List the prime factors of k.
3, 83
Let k be (-2 + 2 + -18)/(6/(-16)). Suppose -1070 = 43*g - k*g. List the prime factors of g.
2, 107
Suppose -37*j + 12918 = -11502. List the prime factors of j.
2, 3, 5, 11
Let z(r) = r**2 + 70*r - 7. List the prime factors of z(5).
2, 23
Suppose -13*l = l + 112. Let v(b) = -b**2 - 18*b - 15. What are the prime factors of v(l)?
5, 13
Let g(m) = m - 5. Let t be g(13). Let o be 0/(-4) - (-2 + -1). Let x = t + o. What are the prime factors of x?
11
Let b = 975 - 326. What are the prime factors of b?
11, 59
Let b be (7/14)/(3/18). Suppose 0 = b*g - 9*g + 882. What are the prime factors of g?
3, 7
Let f = -1495 + 2570. List the prime factors of f.
5, 43
Suppose 5*y - 479 = 4*v, v + 253 + 40 = 3*y. What are the prime factors of y?
3, 11
Let j be ((-1)/1)/(6/(-12)). Suppose 0*q + j*q = 3*t + 23, 0 = 2*q - 4*t - 28. Suppose -q*f + 18 = -2*f. List the prime factors of f.
3
What are the prime factors of -5 - (10/(-5) + -749)?
2, 373
Suppose 2*p - r = 4*r + 129, -3*p + 146 = 2*r. List the prime factors of p.
2, 13
Let w(i) = -7*i - 13. Let y(q) = q**3 + 7*q**2 - 8*q - 10. Let c be y(-8). Let a be c - (0 + (1 - -1)). What are the prime factors of w(a)?
71
Let v(m) = m**2 - 2*m + 61. List the prime factors of v(8).
109
Suppose -3*c + 5866 = -4*m, -45*m + 5896 = 3*c - 43*m. List the prime factors of c.
2, 3, 109
Suppose -5*h = -0*h - 10. What are the prime factors of ((-5)/2 + h)*-26?
13
Let y be 2 + 1*(-3 + -336). Let l = -200 - y. Suppose -5*m - w - 2*w = -l, -135 = -5*m - 5*w. List the prime factors of m.
2, 7
Let p(r) = 3 - 4*r - 1 + 5*r**2 + r**2. Let u(s) = 2*s**2 - 5*s - 5. Let z be u(-1). List the prime factors of p(z).
2, 3
Let s(j) = -j**3 + 13*j**2 - 11*j + 10. Let y be s(10). Suppose -6*r - 26 = -y. List the prime factors of r.
29
Let y(j) = 108*j**2 + 6*j - 4. Let w(h) = -217*h**2 - 13*h + 9. Let g(t) = 3*w(t) + 7*y(t). List the prime factors of g(1).
107
Let f(t) = -3*t + 45. Let n be f(13). List the prime factors of 4/n*2172/8.
181
Let s(k) = k**3 - 2*k**2 - 3*k - 2. Let q be s(3). What are the prime factors of q/(-12) + 52/(-24) + 31?
29
Suppose -11*y = -32*y - 14721. Let i = -495 - y. List the prime factors of i.
2, 103
Let y = 11849 + -6352. List the prime factors of y.
23, 239
Suppose -60 = 12*m - 7*m. Let w = -5 - m. Let d = 11 - w. List the prime factors of d.
2
Let u = 0 + 2. Suppose m - 28 = -u. Suppose 4*q - 6 = m. What are the prime factors of q?
2
Let r(m) = 6*m - 55. Let l be r(8). Let k(a) = 6*a**2 + 9*a + 8. List the prime factors of k(l).
239
Let v = 72 - 26. Let o(l) = 98*l - 6. Let y be o(1). Suppose -p = 3*q - v, -2*p + q = 3*q - y. List the prime factors of p.
2, 23
Let q(w) = -24*w + 9. Suppose 2*v + 5*a - 2*a - 6 = 0, 4*v = -3*a. List the prime factors of q(v).
3
Suppose -2 = -u, -8*c + 3*c = 2*u + 21. Let y = c - -27. List the prime factors of y.
2, 11
Suppose 3*n - 3*c - 24 = 0, 0 = -4*n - 93*c + 91*c + 50. Let m = 290 + -102. Suppose 7*s = n*s - m. What are the prime factors of s?
47
Let h = -22 - -66. Suppose 14*n - h = 698. List the prime factors of n.
53
Let a(q) = q**3 - 9*q**2 + 1 + 0 - 4 + q - 4. Let z be a(9). Suppose y - 3*y + 2*j = -108, 111 = z*y - j. List the prime factors of y.
3, 19
Let g(v) be the first derivative of 2*v**3/3 - 5*v**2 + 13*v + 3. List the prime factors of g(6).
5
Let o = -529 - -661. List the prime factors of o.
2, 3, 11
Let x(k) be the second derivative of k**3/2 + 12*k**2 - k. What are the prime factors of x(0)?
2, 3
Let v be (-287)/15 - 2/(-15). Let y = v - -9. Let a(n) = n**3 + 10*n**2 - 5*n - 6. What are the prime factors of a(y)?
2, 11
Suppose 0 = -4*c - 2*c - 12. Suppose k + 0*k = 15. Let j = c + k. List the prime factors of j.
13
Let t be 2/4 + 7/2. Suppose 0 = -3*p + p + t. Suppose -p*l - 78 = -3*d, 3*l - 15 = -d - 0*d. What are the prime factors of d?
2, 3
Suppose 136 = 2*o - 952. List the prime factors of o.
2, 17
Suppose 4*s - 19589 = -n, 2*n + 0*n + 19574 = 4*s. What are the prime factors of s?
2, 3, 17
Let c = -11380 + 17353. What are the prime factors of c?
3, 11, 181
Let n(t) = -3*t + 8. Let v be n(1). Suppose -204 = -v*w - b, 2*w = 3*b - 8 + 76. What are the prime factors of w?
2, 5
Let x be -3 - 1/(2/6). Let k be (-4 - x)*(1 - -2). Suppose 7*s - 8 = k*s. What are the prime factors of s?
2
What are the prime factors of (1 - -7)/((-7)/(-14))?
2
Suppose -2*u - 1 = p, -4*p + 3*u + 60 = p. Suppose r - 5*j - p = 0, 86 + 50 = 4*r + 5*j. List the prime factors of r.
29
Let b(f) = 368*f - 10. List the prime factors of b(2).
2, 3, 11
Let b(s) = -22*s + 31. List the prime factors of b(-5).
3, 47
Suppose -18900 = -2*f - 25*f. List the prime factors of f.
2, 5, 7
Suppose 3*k - 26 - 4 = -3*z, 3*k = -5*z + 26. Suppose 4*b - q + k = 503, -5*q = -2*b + 259. List the prime factors of b.
2, 61
Suppose 1330 = 2*t + 2*d, -t - 3*d = -d - 664. What are the prime factors of t?
2, 3, 37
Suppose -5068 = -10*d + 20352. List the prime factors of d.
2, 31, 41
Suppose 134*f - 142*f + 12136 = 0. What are the prime factors of f?
37, 41
Suppose -19744 = -12*f - 20*f. List the prime factors of f.
617
Let b(o) = 149*o**2 + 4*o - 29. List the prime factors of b(5).
2, 929
Let l(z) = -2*z. Let c be l(-3). Suppose -c*m = -3*m - 69. List the prime factors of m.
23
Suppose -i + 4*i + 39 = 0. Let t = i + 11. What are the prime factors of (4 + t)*(-33)/(-2)?
3, 11
Let g(w) = 2*w**3 - 14*w**2 - 9*w + 44. What are the prime factors of g(10)?
2, 277
Suppose 11*k - 16*k = -4510. Suppose 6*h - 838 = k. What are the prime factors of h?
2, 5, 29
What are the prime factors of (-6*5/(-30))/(2/1842)?
3, 307
Suppose -7 = -4*f + 5. Suppose x - 10 = -2*h + f*x, -2*h + 2 = 2*x. Suppose 8*j = h*j + 140. List the prime factors of j.
2, 7
Let x(n) be the second derivative of n**5/20 + n**4/12 - 11*n**3/6 - 7*n**2/2 + 8*n. What are the prime factors of x(6)?
179
Let c(x) = 285*x**2 - 73*x + 142. List the prime factors of c(2).
2, 71
Let l(x) be the first derivative of -x**4/4 + 2*x**2 - x - 18. What are the prime factors of l(-4)?
47
Let r be -1*(1 - 3 - (2 - 2)). Let u(t) = 11*t**3 - t**2 - 4*t + 3. What are the prime factors of u(r)?
79
What are the prime factors of (-2)/(-7) - 172065/(-105)?
11, 149
Suppose -578 = -2*d - 10. What are the prime factors of d?
2, 71
Suppose k + 3 = 0, 2*k - 1287 = -m + 5*k. What are the prime factors of m?
2, 3, 71
Suppose -140 = -2*r - 5*k + k, 3*k = 0. Let t be ((-144)/21)/((-5)/r). Suppose 0 = 5*b - 7*b + t. What are the prime factors of b?
2, 3
Suppose 0 = 2*r + r - 2*l - 2, -l - 3 = -2*r. Suppose 3*m - r = 29. What are the prime factors of m?
11
Let f(x) = -132*x**3 - 4*x**2 + 6*x + 25. What are the prime factors of f(-3)?
5, 7, 101
Let w = 114 + -34. Suppose 6*l - 4*l = -w. Let q = 65 + l. What are the prime factors of q?
5
Let x be 2704/48 + 2/3. Suppose 5*u = 4*y - 475, 3*y + 13 = 3*u + 367. Let v = y - x. What are the prime factors of v?
2, 29
Suppose 5*y - 3*k = 2*y - 96, 3*k = -6. Let m = y - -67. Suppose -2*n = -n - m. List the prime factors of n.
3, 11
Let f = 13997 + -9975. List the prime factors of f.
2, 2011
Let i(p) = p**3 + 6*p**2 + 4*p + 1. Suppose 0 = b + 2*b - 2*x + 6, -b - 1 = -x. Let m be i(b). Let f = m + -11. List the prime factors of f.
2, 3
Suppose -y + 4*d - 2*d = -28, -109 = -4*y + 5*d. Suppose 3*x = x + y. Let n = 24 - x. List the prime fac